*n - 27*n + 340. Give p(n).
2
Let v be ((-6)/(-9))/((-2)/(-15)). Suppose -3*l + 0*l = -n + 16, -3*l - v*n = 46. Let w(q) be the first derivative of q**3/3 + 3*q**2 + 2*q + 4. Calculate w(l).
9
Suppose 2*h - 16 = 3*r, -2*h + 5 = 4*r + 17. Let c be (14/r)/7*38. Let v = 24 + c. Let b(n) = n. Calculate b(v).
5
Let t be (-18)/(-24) + 2/8. Let c(n) = 2*n**2 - 3*n**2 + 8*n - n + t + 3. What is c(8)?
-4
Let d(y) be the first derivative of -9/2*y**2 + 10/3*y**3 - 9 + 0*y - 1/4*y**4. Give d(9).
0
Suppose 3 = -2*d - 3*w, -2*d + 3*w - 18 + 9 = 0. Let s(k) = -k. Calculate s(d).
3
Suppose -a - 2*a = 18. Let k = 5 + a. Let v(o) = 17*o**3 + 4*o**2 + 2*o - 3. Let j(f) = -18*f**3 - 5*f**2 - 3*f + 4. Let p(m) = 2*j(m) + 3*v(m). Give p(k).
-14
Let v(m) = -m**2 - 39*m - 379. Let k be v(-20). Let x(n) = 3*n - 1 + 4*n - 3*n. Determine x(k).
3
Let s(v) = v + v + 3*v**3 + 5*v - 8*v - 3 - 3*v. Calculate s(-2).
-19
Let a(k) = -9*k + 2. Let y(n) = 11*n - 3. Let b(t) = -5*a(t) - 4*y(t). Suppose 0 = 5*x - 24 + 4. Determine b(x).
6
Let x = 52 + -49. Let f(q) = -q - 6*q - x + 7*q + q. Suppose 0 = 4*n - n - 9. Determine f(n).
0
Let y(l) be the first derivative of -l**7/840 - l**6/72 + l**5/20 - l**4/4 - 7*l**3/3 - 37. Let t(m) be the third derivative of y(m). What is t(-6)?
-6
Let m(u) = 269*u + 7. Let i(q) = -493*q - 13. Let d(k) = 6*i(k) + 11*m(k). Let j(b) = -b**2 + 3*b - 5. Let p be j(4). Give d(p).
-10
Suppose -8*z + 1 + 15 = 0. Let f(q) = 6 - 1 + 2 + 4 + 10*q + q**z. Calculate f(-8).
-5
Let l(s) be the first derivative of -s**3/3 + 2*s + 1. Let r(u) = u**3 - 17*u**2 - 40*u + 393. Let p be r(18). What is l(p)?
-7
Suppose -14*x = -8*x - 222. Let l(s) = -s - 36 + x + 8*s. Calculate l(-2).
-13
Let r(b) be the second derivative of -b**5/20 + b**4/12 + b**3/6 - 16*b + 1. Give r(-1).
1
Let j(g) be the first derivative of g**2/2 - 5*g + 88. Give j(-2).
-7
Let r(x) be the first derivative of x**2/2 - 130. Let c(s) = s**3 - 5*s**2 - 6*s - 3. Let h be c(6). What is r(h)?
-3
Let t = 7 - 12. Let f = 15 + -15. Let c(q) = 1 + 2*q - 4 + f*q. Give c(t).
-13
Let x(n) = -n**3 - 7*n**2 + 13*n - 36. Let b be x(-9). Let p(v) = -3*v + 27. Calculate p(b).
0
Suppose 5*p + 7 = 2. Let a be (2 + p)/(5/(-20)). Let h(q) = -q**2 - q + 6. Let f(r) = r**2 + r - 7. Let g(n) = -6*f(n) - 7*h(n). What is g(a)?
12
Let y = -5 + -5. Let m be (-6)/10 + 4/y. Let k(z) = -3*z + 3. Let r(l) = -l + 1. Let q(s) = -2*k(s) + 5*r(s). What is q(m)?
-2
Let w(r) be the third derivative of 0 - 1/6*r**3 + 0*r - 16*r**2 - 7/24*r**4. What is w(-4)?
27
Let r = 248/495 + -1/990. Let q(g) be the second derivative of 0 + r*g**3 - g + 0*g**2. What is q(-2)?
-6
Let b(y) be the third derivative of y**5/60 + 13*y**4/24 + 5*y**3/6 - 47*y**2. Give b(-13).
5
Suppose 5*h + 2*w = -22, 3*w + 2 = w. Let z(m) = 2*m - 5. Let b be z(4). Let i(c) = 2*c**3 - 4*c**2 - 1 - 3*c**b + 2*c - 4 + 2. Calculate i(h).
-11
Let h(w) = w**3 + 8*w**2 - 5*w - 12. Let f(y) = -10*y**3 + 3*y**2 - 3*y + 2. Let g be f(1). What is h(g)?
28
Let o(z) = 2*z - 13. Let v be o(9). Let r(k) be the first derivative of -k**3/3 + 5*k**2/2 - 7*k - 81. Give r(v).
-7
Let m(r) = -87 + r**2 + 25 + 22 + 2*r + 30. What is m(-5)?
5
Let a(n) be the first derivative of n**3/3 - n**2 + 6*n + 245. Calculate a(3).
9
Let w(j) = -j**3 - 6*j**2 - 4*j + 8. Let s be w(-5). Let m(o) be the second derivative of 0 - 2*o**2 - 1/3*o**s + 11*o. What is m(-6)?
8
Let i(r) = r - 5. Suppose 0 = -x + 3*a + 4, 6*x - a - 62 = x. Let g be i(x). Let p = 3 - g. Let c(v) = 2*v - 3. Give c(p).
-13
Let u(i) = -i**2 - i. Let s(g) = -6*g**2. Let k(l) = -s(l) + 5*u(l). Calculate k(7).
14
Let l(a) = 3*a**2 + 26*a + 3. Suppose 4*d = 3*u + 44, 7*d = -5*u + 3*d - 20. Give l(u).
-13
Suppose f - 12 = -4*n, -9 + 0 = -3*n - 5*f. Let x(i) = -39 + 8 + 15 + 4*i + 15. Determine x(n).
11
Let x(k) be the second derivative of -k**5/20 + k**4/3 + k**3 - 3*k**2 + 105*k. Determine x(5).
-1
Let q(i) = 5*i**3 + 6*i**2 - 5*i + 10. Let b(w) = w**3. Let p(z) = 4*b(z) - q(z). Let x be p(-7). Let s(o) = 12*o - 3 + 7 - 13*o. Give s(x).
0
Suppose 0 = 9*s + 48 - 93. Let p(q) be the third derivative of q**5/60 - q**4/6 - q**3/6 - 20*q**2. Give p(s).
4
Let r be (9/(-12))/(7/(-168)). Suppose 5*x = -r - 2. Let m be x/(-4)*(6 + 1). Let k(t) = -t**3 + 8*t**2 - 7*t + 3. Calculate k(m).
3
Let d(z) = 5*z - 2. Let p be 13/(-2) + 4/8. Let o be 5/(-2)*p/(-5). Let f(v) = -10*v + 4. Let w(j) = o*f(j) - 5*d(j). What is w(2)?
8
Let o(a) be the third derivative of a**5/60 + 5*a**4/8 + 7*a**3/3 + 19*a**2 + 5*a. Calculate o(-16).
30
Suppose -36 = -250*b + 259*b. Let c(a) = -a**3 + 5*a + 6*a**2 + 3*a**3 - 2 - a**3. What is c(b)?
10
Let x(k) be the first derivative of -k**3/3 - 3*k**2 - k - 56. What is x(-3)?
8
Let z(t) be the first derivative of 3*t**2/2 - 4*t + 607. Calculate z(-2).
-10
Let c(d) = -d**2 + 3*d + 3. Suppose 8 + 7 = -x + 5*v, 1 = -3*x + 4*v. Suppose x*y - r - 16 = 0, 2*y + 0*y - r - 7 = 0. Give c(y).
3
Let p(n) = n. Let k(a) = -2*a + 18. Let q be k(9). Let j(z) = -z**3 - z**2 - z + 7. Let b be j(q). What is p(b)?
7
Let h(m) be the second derivative of 20*m**3/3 + 15*m**2/2 - 11*m. Let u(v) = -8*v - 3. Let c(t) = -2*h(t) - 11*u(t). Determine c(-2).
-13
Let j(s) = -s**3 - 6*s**2 - 6*s + 6. Let n = 46 + -4. Let o = n - 47. Calculate j(o).
11
Let z(x) be the second derivative of x**4/2 - x**3/6 - x**2 + 8*x. Calculate z(-1).
5
Let q(b) be the first derivative of b**2/2 - 3*b + 115. Determine q(4).
1
Let k be 4 - (-58 + -5)/(-9). Let n(d) = 13*d + 13. Suppose 2*s = 5*o - 21, 2*s - 12 = -4*o + 12. Let i(p) = 6*p + 6. Let y(h) = o*i(h) - 2*n(h). What is y(k)?
-8
Let j(u) = -222*u + 383 - 387 + 216*u. Give j(2).
-16
Let t = 4 - 1. Let x(y) be the first derivative of -y**4/4 + 2*y**3/3 + 5*y**2/2 - 3*y - 70. Calculate x(t).
3
Let v(x) = -16 + 10*x + 2*x**2 - 3 + 29 - 5*x**2 + 2*x**2. Give v(11).
-1
Let x(p) = p - 1. Suppose s + 4*o = -14, 7*s - 18 = 2*s + 2*o. Suppose 0*a - 12 = -s*a. Let g be x(a). Let j(c) = -c**2 + 5*c + 3. Give j(g).
3
Suppose 0 = -0*i + 4*i. Suppose 12 = -i*r + 4*r. Suppose 5*k = 4*u, -r*u - 35 = -6*u - 5*k. Let g(d) = -d**2 + 5*d - 2. Determine g(u).
-2
Let v(j) = -j**3 + 25*j**2 + 27*j - 25. Let w(b) = 10*b**2 + 72*b + 98. Let u be w(-6). Calculate v(u).
1
Let v(o) = -6*o**3 - o**2 + 1. Suppose -4*i = 2*f - 16, -4*f + 3*f + 14 = 5*i. Let h be -3*(-5)/((-30)/f). Let u be h + 3 + -3 + 1. What is v(u)?
6
Let p(f) = 12*f - 76. Let k be p(6). Let b(l) be the second derivative of 5/6*l**3 + 0 - 1/20*l**5 - 1/6*l**4 - 3/2*l**2 + l. Determine b(k).
9
Let w(l) be the third derivative of l**6/120 + l**5/10 + 7*l**4/24 + 5*l**3/6 + 4*l**2 + 6*l. Determine w(-5).
-5
Let y(q) be the second derivative of -5*q**3/6 + 2*q**2 + 17*q. Let x(k) = k + 1. Let f(j) = 6*x(j) + y(j). Give f(-9).
1
Let o(i) = -6*i + 4. Let z be o(4). Let r be (-28)/z + 3/5. Let j(x) = 0*x - 2 + r*x - x + 9. Determine j(-5).
2
Let w(a) be the first derivative of a**3/3 + 6*a**2 - 6*a + 1002. What is w(-9)?
-33
Let j(q) = q**2 + 15*q. Let u be (144/(-12))/(-6*(-1)/8). What is j(u)?
16
Let l(d) = d**3 + 6*d**2 - 10*d - 7. Suppose -4*b + 9*b = -55. Let y(w) = w**2 + 10*w - 18. Let c be y(b). Determine l(c).
14
Let l(n) = -n**2 - 2*n - 7. Let g(x) = -x**3 - 15*x**2 + 14*x - 37. Let j be g(-16). Calculate l(j).
-22
Suppose 3*f = 2*f + 3. Let m(k) = k**f + 1047*k - 1049*k - 3*k**2 - 2*k**3 - 5. Determine m(-4).
19
Let u = 7 - 10. Let y be (5/((-5)/u))/3. Let q(c) = -c - 4*c**2 - 2*c + c**2 + y + 5*c. Determine q(-1).
-4
Let t(m) be the first derivative of -m**4/4 - 5*m**3/3 - 3*m**2/2 + 2*m - 3. Let g = -3 + 5. Suppose -5*k = 2*s + 11, g*s - k = -5 - 0. Give t(s).
-7
Let x(b) = -b**3 + 6*b**2 - 2*b - 3. Let s be 0*(1 + -2)*-1. Suppose s = -2*t + 4, 0*d - 4*d + 5*t = -10. What is x(d)?
12
Let j = -1647 - -1644. Let n(m) = -2*m**3 - 3*m**2 + 2. Determine n(j).
29
Let b be 1 + 2/(-1 - -3). Suppose b*a + a = 0. Let r(h) = -13*h + 6. Let w(z) = 15*z - 7. Let q(t) = 7*r(t) + 6*w(t). Give q(a).
0
Let w(y) = -y + 1. Let u(l) = 8*l. Let j(m) = u(m) + 6*w(m). Calculate j(3).
12
Let j(v) = -6*v**2 + 9*v. Let x(m) = 2*m**2 - 5*m + 2. Let r(i) = 6*i**2 - 16*i + 7. Let t(y) = -2*r(y) + 7*x(y). Let f(w) = 4*j(w) + 11*t(w). Determine f(4).
-20
Let s(t) = -10*t + 4*t + 2*t - 2*t + 5*t. Determ